{"id":1082,"date":"2021-08-24T20:48:40","date_gmt":"2021-08-24T20:48:40","guid":{"rendered":"https:\/\/koraledetale.pl\/?post_type=product&#038;p=1082"},"modified":"2024-11-11T11:52:46","modified_gmt":"2024-11-11T11:52:46","slug":"naszyjnik-jedwabna-perla","status":"publish","type":"product","link":"https:\/\/koraledetale.pl\/?product=naszyjnik-jedwabna-perla","title":{"rendered":"Naszyjnik JEDWABNA PER\u0141A"},"content":{"rendered":"<p>Wielko\u015b\u0107 kamieni:<\/p>\n<ul>\n<li>per\u0142a &#8211; 17x14x8 mm, 19x11x5 mm,<\/li>\n<li>labradoryt &#8211; 5&#215;5 mm,<\/li>\n<li>hematyt &#8211; 4&#215;2 mm.<\/li>\n<\/ul>\n<p>D\u0142ugo\u015b\u0107 naszyjnika &#8211; 73 cm + zawieszka 6 cm.<\/p>\n","protected":false},"excerpt":{"rendered":"<p>Dwie du\u017ce, nieregularne per\u0142y i kostki labradorytu z dodatkiem z\u0142otych hematyt\u00f3w na jedwabnym sznureczku w kontrastuj\u0105cej, koralowej barwie. Zapi\u0119cie wykonane jest ze stali chirurgicznej (szlachetnej). Ten oryginalny naszyjnik mo\u017ce by\u0107 uzupe\u0142nieniem warstwowych naszyjnik\u00f3w, a noszony oddzielnie doda stylizacji nonszalancji.<\/p>\n","protected":false},"featured_media":1090,"comment_status":"open","ping_status":"closed","template":"","meta":{"advanced_seo_description":"","jetpack_seo_html_title":"","jetpack_seo_noindex":false},"product_brand":[],"product_cat":[229],"product_tag":[456,56,453,454,455,57,31],"class_list":{"0":"post-1082","1":"product","2":"type-product","3":"status-publish","4":"has-post-thumbnail","6":"product_cat-sprzedane","7":"product_tag-dlugi-naszyjnik-z-kamieniami-naturalnymi","8":"product_tag-labradoryt","9":"product_tag-naszyjnik-na-jedwabiu","10":"product_tag-naszyjnik-z-duza-perla","11":"product_tag-naszyjnik-z-nieregularna-perla-i-labradorytem","12":"product_tag-perla","13":"product_tag-zloty-hematyt","15":"first","16":"outofstock","17":"shipping-taxable","18":"product-type-simple"},"jetpack_sharing_enabled":true,"_links":{"self":[{"href":"https:\/\/koraledetale.pl\/index.php?rest_route=\/wp\/v2\/product\/1082","targetHints":{"allow":["GET"]}}],"collection":[{"href":"https:\/\/koraledetale.pl\/index.php?rest_route=\/wp\/v2\/product"}],"about":[{"href":"https:\/\/koraledetale.pl\/index.php?rest_route=\/wp\/v2\/types\/product"}],"replies":[{"embeddable":true,"href":"https:\/\/koraledetale.pl\/index.php?rest_route=%2Fwp%2Fv2%2Fcomments&post=1082"}],"wp:featuredmedia":[{"embeddable":true,"href":"https:\/\/koraledetale.pl\/index.php?rest_route=\/wp\/v2\/media\/1090"}],"wp:attachment":[{"href":"https:\/\/koraledetale.pl\/index.php?rest_route=%2Fwp%2Fv2%2Fmedia&parent=1082"}],"wp:term":[{"taxonomy":"product_brand","embeddable":true,"href":"https:\/\/koraledetale.pl\/index.php?rest_route=%2Fwp%2Fv2%2Fproduct_brand&post=1082"},{"taxonomy":"product_cat","embeddable":true,"href":"https:\/\/koraledetale.pl\/index.php?rest_route=%2Fwp%2Fv2%2Fproduct_cat&post=1082"},{"taxonomy":"product_tag","embeddable":true,"href":"https:\/\/koraledetale.pl\/index.php?rest_route=%2Fwp%2Fv2%2Fproduct_tag&post=1082"}],"curies":[{"name":"wp","href":"https:\/\/api.w.org\/{rel}","templated":true}]}}