{"id":1076,"date":"2021-08-23T20:38:53","date_gmt":"2021-08-23T20:38:53","guid":{"rendered":"https:\/\/koraledetale.pl\/?post_type=product&#038;p=1076"},"modified":"2024-11-11T11:53:04","modified_gmt":"2024-11-11T11:53:04","slug":"naszyjnik-szmaragdowe-oko","status":"publish","type":"product","link":"https:\/\/koraledetale.pl\/?product=naszyjnik-szmaragdowe-oko","title":{"rendered":"Naszyjnik SZMARAGDOWE OKO"},"content":{"rendered":"<p>Wielko\u015b\u0107 kamieni:<\/p>\n<ul>\n<li>szmaragd &#8211; 3&#215;2,5 mm,<\/li>\n<li>hematyt &#8211; 3&#215;1 mm, 2 mm.<\/li>\n<\/ul>\n<p>D\u0142ugo\u015b\u0107 naszyjnika \u2013 \u0142a\u0144cuszka 40 cm, \u0142a\u0144cuszka ze sznurem kamieni 46 cm + zawieszka 2 cm. Naszyjnik przy zapi\u0119ciu ma przed\u0142u\u017ck\u0119 umo\u017cliwiaj\u0105c\u0105 wyd\u0142u\u017cenie naszyjnika jeszcze o 5 cm.<\/p>\n","protected":false},"excerpt":{"rendered":"<p>Podw\u00f3jny naszyjnik z \u0142a\u0144cuszkiem z kuleczkami i sznurem szmaragd\u00f3w, przeplatanych z\u0142otymi hematytami. Naszyjnik zwie\u0144cza okr\u0105g\u0142a zawieszka z symbolem oka. Wszystkie elementy metalowe wykonane s\u0105 ze stali chirurgicznej (szlachetnej).<\/p>\n","protected":false},"featured_media":1077,"comment_status":"open","ping_status":"closed","template":"","meta":{"advanced_seo_description":"","jetpack_seo_html_title":"","jetpack_seo_noindex":false},"product_brand":[],"product_cat":[229],"product_tag":[451,448,452,450,143,31,449],"class_list":{"0":"post-1076","1":"product","2":"type-product","3":"status-publish","4":"has-post-thumbnail","6":"product_cat-sprzedane","7":"product_tag-naszyjnik-z-zielonymi-kamieniami","8":"product_tag-naszyjnik-ze-szmaragdow-i-zlotych-hematytow","9":"product_tag-oko","10":"product_tag-podwojny-naszyjnik-ze-szmaragdami","11":"product_tag-szmaragd","12":"product_tag-zloty-hematyt","13":"product_tag-lancuszek-ze-szmaragdami","15":"first","16":"outofstock","17":"shipping-taxable","18":"product-type-simple"},"jetpack_sharing_enabled":true,"_links":{"self":[{"href":"https:\/\/koraledetale.pl\/index.php?rest_route=\/wp\/v2\/product\/1076","targetHints":{"allow":["GET"]}}],"collection":[{"href":"https:\/\/koraledetale.pl\/index.php?rest_route=\/wp\/v2\/product"}],"about":[{"href":"https:\/\/koraledetale.pl\/index.php?rest_route=\/wp\/v2\/types\/product"}],"replies":[{"embeddable":true,"href":"https:\/\/koraledetale.pl\/index.php?rest_route=%2Fwp%2Fv2%2Fcomments&post=1076"}],"wp:featuredmedia":[{"embeddable":true,"href":"https:\/\/koraledetale.pl\/index.php?rest_route=\/wp\/v2\/media\/1077"}],"wp:attachment":[{"href":"https:\/\/koraledetale.pl\/index.php?rest_route=%2Fwp%2Fv2%2Fmedia&parent=1076"}],"wp:term":[{"taxonomy":"product_brand","embeddable":true,"href":"https:\/\/koraledetale.pl\/index.php?rest_route=%2Fwp%2Fv2%2Fproduct_brand&post=1076"},{"taxonomy":"product_cat","embeddable":true,"href":"https:\/\/koraledetale.pl\/index.php?rest_route=%2Fwp%2Fv2%2Fproduct_cat&post=1076"},{"taxonomy":"product_tag","embeddable":true,"href":"https:\/\/koraledetale.pl\/index.php?rest_route=%2Fwp%2Fv2%2Fproduct_tag&post=1076"}],"curies":[{"name":"wp","href":"https:\/\/api.w.org\/{rel}","templated":true}]}}